-2 + 3 - o - 2?
23
List the prime factors of -1 + -2 + 1 - -22.
2, 5
Suppose 3*i + z - 34 = 0, 0*i - 45 = -5*i - 4*z. What are the prime factors of i?
13
Let p(b) = -b**3 + 26*b**2 - 36*b + 2. List the prime factors of p(24).
2, 5, 29
What are the prime factors of 11 + (-6 - -3 - -3)?
11
Suppose 0 = 36*t - 40*t + 836. List the prime factors of t.
11, 19
Let u be 10*((-14)/10 - -1). List the prime factors of (1 - (-6)/u)*-78.
3, 13
Suppose -406 = 4*l - 9*l - 3*k, -2*l + 166 = 3*k. List the prime factors of l.
2, 5
Let k(p) = -13*p - 1. Let a be k(-1). Let w = a - -3. What are the prime factors of w?
3, 5
Let l(j) = -j**3 - 9*j**2 - j + 3. Let b be l(-9). Suppose 0*d + 4*d = -b. List the prime factors of (d - -4)/((-2)/(-4)).
2
Let w = 10 + -15. Suppose 0 = -0*i - 5*i + 40. Let g = w + i. List the prime factors of g.
3
Let n = 46 - -22. List the prime factors of n.
2, 17
Let h(j) = -j**3 - 9*j**2 - 4*j + 4. Let u(s) = s**3 + 10*s**2 + 4*s - 5. Let k(y) = -3*h(y) - 2*u(y). Suppose 23*v - 12 = 25*v. List the prime factors of k(v).
2, 5
Let c = -3 + 3. Suppose -16 = -4*m - c. Suppose 3 = k - 3*h, -m*k + 2*h + 23 = 1. What are the prime factors of k?
2, 3
Let j = 31 + -15. Suppose 2*f - 2*p = 18 - 6, 0 = 4*f + 4*p - j. Suppose -i = y - 3, f*i + 11 = -2*y + 2. List the prime factors of y.
2
Let b = 222 - 133. Let f = -64 + b. Suppose f = 5*j, -i - 4*j = -0*j - 32. List the prime factors of i.
2, 3
Let j = 51 - 4. List the prime factors of j.
47
Let q(m) = -m**2 + m - 4. Let h be q(0). Suppose 2*o = -0*w + 5*w - 6, -5*o - 2*w = -14. What are the prime factors of 5/(-2)*h/o?
5
Let t be (-8 - -8)/((-2)/(-2)). Suppose t*k - 4*k + 120 = 0. List the prime factors of k.
2, 3, 5
Let v = -4 - -8. Suppose -6 = -v*j + 14. Suppose -4*k = u + 3*u - 64, -28 = -k + j*u. What are the prime factors of k?
2, 3
Let b(z) = 13*z + 10. Let a be b(6). Let l = a + -41. What are the prime factors of l?
47
Suppose 4*c = 5*j - 0*c + 37, c = 2*j + 13. Let x be 2/(-8) + j/(-4). Let g = 1 + x. List the prime factors of g.
2
Suppose -4*h - 2*a = -0*a - 28, 2*a + 26 = 5*h. Let q(x) = 5*x - 11. List the prime factors of q(h).
19
Suppose -2 = -4*k + 6, 2*k + 20 = 3*r. Suppose -j - 2*q - 3 = -0*q, 2*q + 6 = 0. Suppose -r - 10 = -j*f. List the prime factors of f.
2, 3
Suppose -5*v + 0 = -15. Suppose v*w + k = 63, 3*w - 2*k - 63 = -k. Let i = 38 - w. What are the prime factors of i?
17
Suppose 3*o - 74 = o. What are the prime factors of o?
37
Suppose 11*w - 2352 = 4*w. What are the prime factors of w?
2, 3, 7
Let o = 0 - 0. Suppose o*v = -2*v + 20. What are the prime factors of v?
2, 5
Let a be (3 - 0)/(6/40). Suppose 4*z - 2*k + 2 = 26, 4*k + 18 = 2*z. Suppose 2*u = 3*r + 19, a = z*r - r. List the prime factors of u.
17
Suppose 0 = 4*h - 116 - 92. What are the prime factors of h?
2, 13
Let q(h) = 2*h**2 + 7*h - 10. What are the prime factors of q(2)?
2, 3
Suppose 2*n - 3 = -n. Let i be (-7)/2*(-1 - n). List the prime factors of (-14)/8*(i + -15).
2, 7
Suppose 2*f - f = -13. Let m = 10 - f. List the prime factors of m.
23
Let r be (4 - 1)*(4 + 1). Suppose 0 = 6*s - 11*s + r. What are the prime factors of s?
3
Suppose -2*f - d + 5*d = -134, 4*f - d - 254 = 0. What are the prime factors of f?
3, 7
Let b = -2 + 5. List the prime factors of b.
3
Let w(x) = -x**2 + 9*x + 5. Let f be w(11). Let a = f - -29. What are the prime factors of a?
2, 3
Suppose -307 = -3*i + 5*h, -3*i + 335 = h + h. List the prime factors of i.
109
Suppose 2*y + r - 6 = -3*r, -y + 2*r = -3. Let m(t) = -2*t + t - y*t + t. List the prime factors of m(-3).
3
Suppose -o - 4 = 3*o. Suppose z + 12 = 3*l, 1 = -l - 4*z + 5. Let n = o + l. List the prime factors of n.
3
Suppose -2*y = 3*q - 1, y + 1 + 0 = -2*q. Suppose -r = 2*b + 6 - 2, y*r + 10 = -5*b. Suppose r = -4*n - 16, a - n = 11 + 5. List the prime factors of a.
2, 3
Let h(x) = 9*x + 4. Let i(r) = 10*r + 5. Let k(u) = -5*h(u) + 4*i(u). Let m be k(-1). What are the prime factors of (-4)/(-10)*(30 - m)?
2, 5
Suppose -l + 90 = -118. What are the prime factors of l?
2, 13
Suppose 0 = -5*w + f + 85, 4*f = -3*w + 3*f + 51. What are the prime factors of w?
17
Let d be 15 + 2 - (1 - 3). List the prime factors of d/2 - (-3)/6.
2, 5
Suppose 5*f + 4*j - 18 = 0, -5 = f - 5*j - 26. Let t = 50 - 50. Suppose t = -2*w + 4*w - f. What are the prime factors of w?
3
Let p = 5 + -7. What are the prime factors of p + (-14)/(-2) + -2?
3
Let x(v) = 36*v**3 - 2*v**2 + 1. What are the prime factors of x(1)?
5, 7
Let p(l) = 2*l**2 - 5*l + 5. List the prime factors of p(5).
2, 3, 5
Let x(p) = 6*p**2 + 7*p + 8. List the prime factors of x(-5).
3, 41
Let u(p) = -p**3 + 8*p**2 - 4*p + 3. Let l be u(7). Suppose 2*k = -0*k - 22. Let h = l + k. List the prime factors of h.
13
Suppose 4*q - 5*d + 25 = 0, -q - 2*q - 5*d + 25 = 0. Suppose -15 = -5*n - q*n. Suppose 2*l = n*c - 2*l - 32, -2*c = 4*l - 28. List the prime factors of c.
2, 3
Let m be (-9)/(-6)*4 - 2. What are the prime factors of (m/12)/(2/60)?
2, 5
Let m be (3 - 1)*(-2)/(-4). Suppose 5*w = t - 6 + m, 0 = w - 3*t - 13. What are the prime factors of (18 + w)*(-2)/(-4)?
2
Suppose -2*d + 3*d + m = 0, d - m - 8 = 0. Let x = -4 + 6. What are the prime factors of 23/x - 6/d?
2, 5
Let m(u) = -u**3 - 5*u**2 - 3*u + 1. Let x be m(-4). Let v = 6 + x. List the prime factors of v.
3
Suppose 0 = -0*y + 4*y. Let x(k) = -8*k**2 + k**3 + y + k - 6 + 1. List the prime factors of x(8).
3
Suppose 2 - 4 = -4*c - 2*a, 4*a = 12. Let d(x) = -x**3 - 2*x**2 + x - 3. Let h be d(-3). Let f = h + c. What are the prime factors of f?
2
Suppose 0*y + 20 = -2*v - 4*y, -3*y - 21 = 2*v. What are the prime factors of (v/15)/((-8)/140)?
2, 7
Suppose 0 = -2*i - f + 12, -2*i - 2*f = -7*f. Let l(u) = u**2 + 4*u + 6. Let w be l(i). Let x = -36 + w. What are the prime factors of x?
3, 5
Suppose 2*f - 3*z + 8 + 5 = 0, 0 = f + 2*z - 4. List the prime factors of f*(-1 - 0) + 0.
2
Let a = 3 + 2. Suppose -2 = f - 2*h, a*f + 0*f - 2*h - 14 = 0. What are the prime factors of f?
2
Suppose 0*a + 4*a = 0. Let g(m) = m + 4 - 5*m + 3*m. List the prime factors of g(a).
2
Suppose 4*u + 68 = -3*y + 12, 3*y = 2*u + 46. Let h = 0 - u. List the prime factors of h.
17
Let s(c) = -3*c + 25. What are the prime factors of s(-22)?
7, 13
Let n(a) = -a + 3. Let m be (-9)/15 - (-113)/5. Suppose m = -o + 5*f - 0*f, 0 = o - 4*f + 19. List the prime factors of n(o).
2, 5
Suppose 3*w - 9 + 0 = 0. Let j = w + 5. What are the prime factors of j?
2
Let g be ((-1)/1 - -2) + 9. Let t = -3 - -1. List the prime factors of g - 1*t - 0.
2, 3
Suppose 0 = 2*j - 16 + 6. Suppose 10 + 10 = j*f. Suppose 0 = 3*a - f*a + 8. List the prime factors of a.
2
Let o(u) = 4*u**2 + 8*u - 8. Let v(b) = b**2 + b. Let j(s) = -o(s) + 3*v(s). Let c be j(-6). Suppose 8 = -0*d + c*d. List the prime factors of d.
2
Let o(n) = 22*n - 5. What are the prime factors of o(5)?
3, 5, 7
Let q = -31 - -19. Suppose -37 = 2*l - i, 2*i = 2*l - 7*l - 79. Let o = q - l. List the prime factors of o.
5
Let p = -55 + 115. What are the prime factors of p?
2, 3, 5
Let g(v) = v**3 - 5*v**2 + 8*v - 6. What are the prime factors of g(5)?
2, 17
Let n(w) = 0*w**2 - 7 + 2*w + 0*w**2 + w**3 - 5*w**2 + w. Let t(r) = -r**3 - 4*r**2 + 5. Let b be t(-4). List the prime factors of n(b).
2
Suppose 0*y = y - 8. What are the prime factors of y?
2
Let o be (-1)/((-4)/2)*-20. Suppose -12 = -4*u - 4*n, 2*u = -n + 2*n - 3. Let y = u - o. What are the prime factors of y?
2, 5
Let u = 4 - -2. Let w = 2 + u. What are the prime factors of w?
2
Suppose 0*i + 142 = 2*i. List the prime factors of i.
71
List the prime factors of 46 - 5/((-10)/(-4)).
2, 11
Suppose 0 = s - 2*s. Suppose 0 = -s*l + 5*l - 50. What are the prime factors of l?
2, 5
Let s(p) = -p**3 + p + 2. Let j be s(0). Suppose -4*y + j = -26. What are the prime factors of y?
7
Let f = -1 - -4. Let g be -2 - (-6)/9*12. Let p = g + f. What are the prime factors of p?
3
Suppose -k + 6*k + 4*d - 89 = 0, 4*k - 3*d - 65 = 0. Let p = -4 + k. List the prime factors of p.
13
What are the prime factors of ((-37)/3)/((-7)/21)?
37
What are the prime factors of (-4)/3*(-12)/4?
2
Suppose 28 + 89 = 3*c. Suppose 2*o - c = -o. What are the prime factors of o?
13
Let h(d) = d**3 + 12*d**2 + 12*d + 13. Let t(n) = n**2 - 11*n - 11. Let k be t